he prime factors of 6336160?
2, 5, 199
What are the prime factors of 2582649?
3, 67, 4283
List the prime factors of 20993589.
3, 17, 43, 3191
What are the prime factors of 535065?
3, 5, 35671
What are the prime factors of 107840?
2, 5, 337
List the prime factors of 341013.
3, 71, 1601
What are the prime factors of 40719247?
40719247
List the prime factors of 3679729.
3679729
What are the prime factors of 872783?
787, 1109
List the prime factors of 356175.
3, 5, 1583
What are the prime factors of 11441608?
2, 1430201
List the prime factors of 3871728.
2, 3, 7, 23, 167
What are the prime factors of 393744?
2, 3, 13, 631
What are the prime factors of 966341?
67, 14423
What are the prime factors of 705581?
59, 11959
List the prime factors of 15750517.
17, 211, 4391
What are the prime factors of 1366656?
2, 3, 3559
List the prime factors of 673328.
2, 42083
List the prime factors of 3145275.
3, 5, 7, 1997
List the prime factors of 305144.
2, 7, 5449
What are the prime factors of 780627?
3, 260209
List the prime factors of 221668.
2, 151, 367
List the prime factors of 9655020.
2, 3, 5, 53639
What are the prime factors of 2838915?
3, 5, 17, 1237
What are the prime factors of 611750?
2, 5, 2447
What are the prime factors of 1392036?
2, 3, 311, 373
List the prime factors of 14132786.
2, 7066393
List the prime factors of 1680004.
2, 420001
What are the prime factors of 355164?
2, 3, 17, 1741
List the prime factors of 19689460.
2, 5, 7, 140639
List the prime factors of 4527257.
7, 67, 197
List the prime factors of 33466370.
2, 5, 7, 17, 28123
What are the prime factors of 11816111?
11816111
What are the prime factors of 8698592?
2, 7, 38833
What are the prime factors of 465907?
13, 35839
List the prime factors of 26610.
2, 3, 5, 887
List the prime factors of 9885593.
9885593
List the prime factors of 609087.
3, 29, 7001
List the prime factors of 3783244.
2, 945811
List the prime factors of 2059247.
137, 15031
List the prime factors of 221311.
221311
List the prime factors of 6316479.
3, 13, 53987
What are the prime factors of 1408630?
2, 5, 140863
List the prime factors of 506628.
2, 3, 4691
List the prime factors of 601662.
2, 3, 149, 673
List the prime factors of 1313292.
2, 3, 109441
List the prime factors of 179293.
41, 4373
List the prime factors of 965511.
3, 107279
What are the prime factors of 427243?
427243
List the prime factors of 477187.
139, 3433
List the prime factors of 293966.
2, 146983
List the prime factors of 195145.
5, 31, 1259
List the prime factors of 1285545.
3, 5, 85703
List the prime factors of 383946.
2, 3, 89, 719
What are the prime factors of 493368?
2, 3, 61, 337
What are the prime factors of 1607672?
2, 11, 18269
List the prime factors of 9633512.
2, 7, 172027
What are the prime factors of 28225841?
7, 31, 130073
What are the prime factors of 301856?
2, 9433
What are the prime factors of 1195834?
2, 461, 1297
What are the prime factors of 8332459?
31, 268789
What are the prime factors of 5540452?
2, 1385113
What are the prime factors of 4557101?
59, 77239
List the prime factors of 605574.
2, 3, 17, 1979
List the prime factors of 44684.
2, 11171
What are the prime factors of 3725848?
2, 7, 66533
What are the prime factors of 819361?
31, 26431
List the prime factors of 18486664.
2, 7, 23, 31, 463
What are the prime factors of 296302?
2, 148151
List the prime factors of 993527.
993527
What are the prime factors of 12168058?
2, 7, 23, 31, 53
What are the prime factors of 130096?
2, 47, 173
What are the prime factors of 1540048?
2, 101, 953
List the prime factors of 348417.
3, 38713
What are the prime factors of 1579696?
2, 98731
What are the prime factors of 3688099?
17, 216947
List the prime factors of 16614977.
31, 535967
What are the prime factors of 34963?
34963
What are the prime factors of 3699245?
5, 11, 103, 653
List the prime factors of 2579328.
2, 3, 2239
List the prime factors of 2231999.
7, 11, 41, 101
What are the prime factors of 2646378?
2, 3, 7, 7001
List the prime factors of 3536.
2, 13, 17
What are the prime factors of 60788?
2, 7, 13, 167
What are the prime factors of 221870?
2, 5, 11, 2017
What are the prime factors of 41017?
41017
List the prime factors of 456654.
2, 3, 11, 17, 37
What are the prime factors of 544146?
2, 3, 89, 1019
List the prime factors of 334701.
3, 37189
What are the prime factors of 4568028?
2, 3, 101, 3769
What are the prime factors of 15603275?
5, 19, 107, 307
List the prime factors of 116158.
2, 7, 8297
List the prime factors of 581927.
17, 34231
What are the prime factors of 47721?
3, 15907
List the prime factors of 2963383.
31, 109, 877
What are the prime factors of 248366?
2, 124183
List the prime factors of 5204654.
2, 7, 13, 28597
List the prime factors of 7904.
2, 13, 19
What are the prime factors of 278711?
19, 14669
What are the prime factors of 3147285?
3, 5, 209819
What are the prime factors of 826267?
13, 63559
List the prime factors of 1432465.
5, 286493
List the prime factors of 386396.
2, 29, 3331
List the prime factors of 1017038.
2, 11, 46229
List the prime factors of 108187.
108187
What are the prime factors of 2725201?
23, 47, 2521
What are the prime factors of 2943879?
3, 19, 51647
List the prime factors of 248487.
3, 113, 733
What are the prime factors of 22788950?
2, 5, 263, 1733
What are the prime factors of 2671349?
101, 26449
What are the prime factors of 704984?
2, 7, 12589
List the prime factors of 7266743.
11, 461, 1433
List the prime factors of 537177.
3, 137, 1307
List the prime factors of 220254.
2, 3, 36709
What are the prime factors of 11590829?
11590829
What are the prime factors of 590695?
5, 7, 2411
List the prime factors of 165413.
53, 3121
What are the prime factors of 224444?
2, 11, 5101
What are the prime factors of 92982?
2, 3, 15497
What are the prime factors of 25708268?
2, 29, 221623
List the prime factors of 6090625.
5, 1949
List the prime factors of 4084551.
3, 53, 8563
List the prime factors of 70026.
2, 3, 11, 1061
What are the prime factors of 1161675?
3, 5, 1721
What are the prime factors of 6067621?
7, 123829
What are the prime factors of 355948?
2, 23, 53, 73
List the prime factors of 127886.
2, 11, 5813
List the prime factors of 1596459.
3, 532153
What are the prime factors of 5299459?
11, 481769
List the prime factors of 1282785.
3, 5, 7, 19, 643
List the prime factors of 372750.
2, 3, 5, 7, 71
What are the prime factors of 17195640?
2, 3, 5, 7, 11, 1861
List the prime factors of 29859572.
2, 31, 113, 2131
List the prime factors of 198000.
2, 3, 5, 11
List the prime factors of 1344713.
383, 3511
What are the prime factors of 167840?
2, 5, 1049
What are the prime factors of 4691299?
401, 11699
What are the prime factors of 21578774?
2, 7, 1541341
List the prime factors of 152711.
13, 17, 691
What are the prime factors of 16805131?
7, 31, 43, 1801
What are the prime factors of 2910488?
2, 7, 51973
What are the prime factors of 6968334?
2, 3, 17, 53, 1289
What are the prime factors of 315230?
2, 5, 29, 1087
What are the prime factors of 11207732?
2, 1201, 2333
List the prime factors of 3857668.
2, 964417
What are the prime factors of 5797552?
2, 362347
List the prime factors of 35628780.
2, 3, 5, 11, 37, 1459
List the prime factors of 66747.
3, 19, 1171
List the prime factors of 512636.
2, 128159
List the prime factors of 1371870.
2, 3, 5, 5081
List the prime factors of 1752858.
2, 3, 97381
List the prime factors of 483093.
3, 13, 4129
List the prime factors of 1370097.
3, 41, 47, 79
List the prime factors of 721528.
2, 90191
What are the prime factors of 11719086?
2, 3, 17, 19, 6047
What are the prime factors of 2132576?
2, 66643
List the prime factors of 1144757.
1144757
What are the prime factors of 605488?
2, 13, 41, 71
List the prime factors of 8979585.
3, 5, 47, 271
What are the prime factors of 279581?
79, 3539
List the prime factors of 81491.
19, 4289
List the prime factors of 7015787.
7015787
List the prime factors of 15001207.
13, 29, 39791
What are the prime factors of 723224?
2, 90403
List the prime factors of 731325.
3, 5, 7, 199
List the prime factors of 8384569.
167, 50207
List the prime factors of 1160690.
2, 5, 37, 3137
What are the prime factors of 503467?
79, 6373
What are the prime factors of 56470?
2, 5, 5647